{"id":21,"date":"2019-04-13T14:25:31","date_gmt":"2019-04-13T12:25:31","guid":{"rendered":"https:\/\/sunmountain.dyndns.biz:40446\/?page_id=21"},"modified":"2026-03-19T18:01:45","modified_gmt":"2026-03-19T17:01:45","slug":"2006-2","status":"publish","type":"page","link":"https:\/\/sunmountain.dyndns.info\/index.php\/2006-2\/","title":{"rendered":"2006"},"content":{"rendered":"<p>&nbsp;<\/p>\n<p align=\"center\"><span style=\"font-family: Arial Black;\">L\u00f6rdagen 25\/11-2006 p\u00e5 Br\u00e4nnkyrka brandstation och V\u00e4stberga polishus.<\/span><\/p>\n<p><center><img loading=\"lazy\" decoding=\"async\" src=\"https:\/\/sunmountain.dyndns.info\/pics2006\/6AOA0001.jpg\" width=\"640\" height=\"480\" border=\"0\" \/><\/center>&nbsp;<br \/>\n<center><img loading=\"lazy\" decoding=\"async\" src=\"https:\/\/sunmountain.dyndns.info\/pics2006\/6AOA0002.jpg\" width=\"640\" height=\"480\" border=\"0\" \/><\/center>&nbsp;<br \/>\n<center><img loading=\"lazy\" decoding=\"async\" src=\"https:\/\/sunmountain.dyndns.info\/pics2006\/6AOA0003.jpg\" width=\"640\" height=\"480\" border=\"0\" \/><\/center>&nbsp;<br \/>\n<center><img loading=\"lazy\" decoding=\"async\" src=\"https:\/\/sunmountain.dyndns.info\/pics2006\/6AOA0004.jpg\" width=\"640\" height=\"480\" border=\"0\" \/><\/center>&nbsp;<br \/>\n<center><img loading=\"lazy\" decoding=\"async\" src=\"https:\/\/sunmountain.dyndns.info\/pics2006\/6AOB0005.jpg\" width=\"640\" height=\"480\" border=\"0\" \/><\/center>&nbsp;<br \/>\n<center><img loading=\"lazy\" decoding=\"async\" src=\"https:\/\/sunmountain.dyndns.info\/pics2006\/6AOC0006.jpg\" width=\"640\" height=\"480\" border=\"0\" \/><\/center>&nbsp;<br \/>\n<center><img loading=\"lazy\" decoding=\"async\" src=\"https:\/\/sunmountain.dyndns.info\/pics2006\/6AOC0007.jpg\" width=\"640\" height=\"480\" border=\"0\" \/><\/center>&nbsp;<br \/>\n<center><img loading=\"lazy\" decoding=\"async\" src=\"https:\/\/sunmountain.dyndns.info\/pics2006\/6AOF0008.jpg\" width=\"640\" height=\"480\" border=\"0\" \/><\/center>&nbsp;<br \/>\n<center><img loading=\"lazy\" decoding=\"async\" src=\"https:\/\/sunmountain.dyndns.info\/pics2006\/6AOF0009.jpg\" width=\"640\" height=\"480\" border=\"0\" \/><\/center>&nbsp;<br \/>\n<center><img loading=\"lazy\" decoding=\"async\" src=\"https:\/\/sunmountain.dyndns.info\/pics2006\/6AOF0010.jpg\" width=\"640\" height=\"480\" border=\"0\" \/><\/center>&nbsp;<br \/>\n<center><img loading=\"lazy\" decoding=\"async\" src=\"https:\/\/sunmountain.dyndns.info\/pics2006\/6AOF0011.jpg\" width=\"640\" height=\"480\" border=\"0\" \/><\/center>&nbsp;<br \/>\n<center><img loading=\"lazy\" decoding=\"async\" src=\"https:\/\/sunmountain.dyndns.info\/pics2006\/6AOG0012.jpg\" width=\"640\" height=\"480\" border=\"0\" \/><\/center>&nbsp;<br \/>\n<center><img loading=\"lazy\" decoding=\"async\" src=\"https:\/\/sunmountain.dyndns.info\/pics2006\/6AOG0013.jpg\" width=\"640\" height=\"480\" border=\"0\" \/><\/center>&nbsp;<br \/>\n<center><img loading=\"lazy\" decoding=\"async\" src=\"https:\/\/sunmountain.dyndns.info\/pics2006\/6AOG0014.jpg\" width=\"640\" height=\"480\" border=\"0\" \/><\/center>&nbsp;<br \/>\n<center><img loading=\"lazy\" decoding=\"async\" src=\"https:\/\/sunmountain.dyndns.info\/pics2006\/6AOG0015.jpg\" width=\"640\" height=\"480\" border=\"0\" \/><\/center>&nbsp;<br \/>\n<center><img loading=\"lazy\" decoding=\"async\" src=\"https:\/\/sunmountain.dyndns.info\/pics2006\/6AOK0016.jpg\" width=\"640\" height=\"480\" border=\"0\" \/><\/center>&nbsp;<br \/>\n<center><img loading=\"lazy\" decoding=\"async\" src=\"https:\/\/sunmountain.dyndns.info\/pics2006\/6AOK0017.jpg\" width=\"640\" height=\"480\" border=\"0\" \/><\/center>&nbsp;<br \/>\n<center><img loading=\"lazy\" decoding=\"async\" src=\"https:\/\/sunmountain.dyndns.info\/pics2006\/6AOL0021.jpg\" width=\"640\" height=\"480\" border=\"0\" \/><\/center>&nbsp;<br \/>\n<center><img loading=\"lazy\" decoding=\"async\" src=\"https:\/\/sunmountain.dyndns.info\/pics2006\/6AOL0022.jpg\" width=\"640\" height=\"480\" border=\"0\" \/><\/center>&nbsp;<\/p>\n","protected":false},"excerpt":{"rendered":"<p>&nbsp; L\u00f6rdagen 25\/11-2006 p\u00e5 Br\u00e4nnkyrka brandstation och V\u00e4stberga polishus. &nbsp; &nbsp; &nbsp; &nbsp; &nbsp; &nbsp; &nbsp; &nbsp; &nbsp; &nbsp; &nbsp; &nbsp; &nbsp; &nbsp; &nbsp; &nbsp; &nbsp; &nbsp; &nbsp;<\/p>\n","protected":false},"author":2,"featured_media":0,"parent":0,"menu_order":0,"comment_status":"closed","ping_status":"closed","template":"","meta":{"_monsterinsights_skip_tracking":false,"_monsterinsights_sitenote_active":false,"_monsterinsights_sitenote_note":"","_monsterinsights_sitenote_category":0,"footnotes":""},"class_list":["post-21","page","type-page","status-publish","hentry"],"_links":{"self":[{"href":"https:\/\/sunmountain.dyndns.info\/index.php\/wp-json\/wp\/v2\/pages\/21","targetHints":{"allow":["GET"]}}],"collection":[{"href":"https:\/\/sunmountain.dyndns.info\/index.php\/wp-json\/wp\/v2\/pages"}],"about":[{"href":"https:\/\/sunmountain.dyndns.info\/index.php\/wp-json\/wp\/v2\/types\/page"}],"author":[{"embeddable":true,"href":"https:\/\/sunmountain.dyndns.info\/index.php\/wp-json\/wp\/v2\/users\/2"}],"replies":[{"embeddable":true,"href":"https:\/\/sunmountain.dyndns.info\/index.php\/wp-json\/wp\/v2\/comments?post=21"}],"version-history":[{"count":8,"href":"https:\/\/sunmountain.dyndns.info\/index.php\/wp-json\/wp\/v2\/pages\/21\/revisions"}],"predecessor-version":[{"id":615,"href":"https:\/\/sunmountain.dyndns.info\/index.php\/wp-json\/wp\/v2\/pages\/21\/revisions\/615"}],"wp:attachment":[{"href":"https:\/\/sunmountain.dyndns.info\/index.php\/wp-json\/wp\/v2\/media?parent=21"}],"curies":[{"name":"wp","href":"https:\/\/api.w.org\/{rel}","templated":true}]}}