{"id":345,"date":"2021-11-15T20:11:32","date_gmt":"2021-11-15T19:11:32","guid":{"rendered":"https:\/\/sunmountain.dyndns.biz:40446\/?page_id=345"},"modified":"2024-12-03T18:32:18","modified_gmt":"2024-12-03T17:32:18","slug":"2022-2","status":"publish","type":"page","link":"https:\/\/sunmountain.dyndns.info\/index.php\/2022-2\/","title":{"rendered":"2022"},"content":{"rendered":"<p><center>ARRANG\u00d6RER: G\u00f6ran Runeskog och Mikael Fogl\u00f6v 26\/11-2022<\/center>&nbsp;<\/p>\n<div align=\"center\"><\/div>\n<table style=\"border-collapse: collapse;\" border=\"1\" width=\"45%\" cellspacing=\"0\" cellpadding=\"0\">\n<tbody>\n<tr>\n<td width=\"12%\"><b>TID<\/b><\/td>\n<td width=\"49%\"><b>PLATS<\/b><\/td>\n<td width=\"49%\"><b>AKTIVITET<\/b><\/td>\n<\/tr>\n<tr>\n<td width=\"12%\">14:00<\/td>\n<td width=\"39%\">Farsta brandstation, 1:a femkampsgrenen<\/td>\n<td width=\"59%\">Fotboll skott litet m\u00e5l<\/td>\n<\/tr>\n<tr>\n<td width=\"12%\">15:00<\/td>\n<td width=\"39%\">Farsta brandstation, 2:a femkampsgrenen<\/td>\n<td width=\"59%\">Innebandy skott litet m\u00e5l<\/td>\n<\/tr>\n<tr>\n<td width=\"12%\">15:30<\/td>\n<td width=\"39%\">Hos G\u00f6ran, 3:e femkampsgrenen<\/td>\n<td width=\"59%\">Pingis<\/td>\n<\/tr>\n<tr>\n<td width=\"12%\">15:30<\/td>\n<td width=\"39%\">Hos G\u00f6ran, 4:e femkampsgrenen<\/td>\n<td width=\"59%\">Bordshockey<\/td>\n<\/tr>\n<tr>\n<td width=\"12%\">16:30<\/td>\n<td width=\"39%\">Hos G\u00f6ran<\/td>\n<td width=\"59%\">K\u00e4k (Catering G\u00f6ran Runeskog)<\/td>\n<\/tr>\n<tr>\n<td width=\"12%\">19:30-23:00<\/td>\n<td width=\"39%\">Hos G\u00f6ran, 5:e femkampsgrenen<\/td>\n<td width=\"59%\">Fr\u00e5gesport<\/td>\n<\/tr>\n<\/tbody>\n<\/table>\n","protected":false},"excerpt":{"rendered":"<p>ARRANG\u00d6RER: G\u00f6ran Runeskog och Mikael Fogl\u00f6v 26\/11-2022&nbsp; TID PLATS AKTIVITET 14:00 Farsta brandstation, 1:a femkampsgrenen Fotboll skott litet m\u00e5l 15:00 Farsta brandstation, 2:a femkampsgrenen Innebandy skott litet m\u00e5l 15:30 Hos G\u00f6ran, 3:e femkampsgrenen Pingis 15:30 Hos G\u00f6ran, 4:e femkampsgrenen Bordshockey 16:30 Hos G\u00f6ran K\u00e4k (Catering G\u00f6ran Runeskog) 19:30-23:00 Hos G\u00f6ran, 5:e femkampsgrenen Fr\u00e5gesport<\/p>\n","protected":false},"author":2,"featured_media":0,"parent":0,"menu_order":0,"comment_status":"closed","ping_status":"closed","template":"","meta":{"_monsterinsights_skip_tracking":false,"_monsterinsights_sitenote_active":false,"_monsterinsights_sitenote_note":"","_monsterinsights_sitenote_category":0,"footnotes":""},"class_list":["post-345","page","type-page","status-publish","hentry"],"_links":{"self":[{"href":"https:\/\/sunmountain.dyndns.info\/index.php\/wp-json\/wp\/v2\/pages\/345","targetHints":{"allow":["GET"]}}],"collection":[{"href":"https:\/\/sunmountain.dyndns.info\/index.php\/wp-json\/wp\/v2\/pages"}],"about":[{"href":"https:\/\/sunmountain.dyndns.info\/index.php\/wp-json\/wp\/v2\/types\/page"}],"author":[{"embeddable":true,"href":"https:\/\/sunmountain.dyndns.info\/index.php\/wp-json\/wp\/v2\/users\/2"}],"replies":[{"embeddable":true,"href":"https:\/\/sunmountain.dyndns.info\/index.php\/wp-json\/wp\/v2\/comments?post=345"}],"version-history":[{"count":11,"href":"https:\/\/sunmountain.dyndns.info\/index.php\/wp-json\/wp\/v2\/pages\/345\/revisions"}],"predecessor-version":[{"id":552,"href":"https:\/\/sunmountain.dyndns.info\/index.php\/wp-json\/wp\/v2\/pages\/345\/revisions\/552"}],"wp:attachment":[{"href":"https:\/\/sunmountain.dyndns.info\/index.php\/wp-json\/wp\/v2\/media?parent=345"}],"curies":[{"name":"wp","href":"https:\/\/api.w.org\/{rel}","templated":true}]}}